pose 0 = y*k + 605 - 1817. What is the remainder when k is divided by 61?
59
Suppose 98 = 2*v + l, -14*v - 3*l = -4*v - 490. What is the remainder when 7299 is divided by v?
47
Calculate the remainder when 566 is divided by 3 + 3 + -24 - -241.
120
Suppose -591*b = 508*b - 12089. Suppose -1 + 3 = -a. Let j(y) = 5*y**2 + 4*y + 2. What is the remainder when j(a) is divided by b?
3
Suppose 4*g - 6*h - 32 = -3*h, -5*h = 0. Let v = -62 - -179. Calculate the remainder when v is divided by 5 + (0 - 0) + g + 11.
21
Suppose -5*a + 59 = -126. Suppose -2*s = -24*u + 23*u - 50, 0 = -2*u. What is the remainder when a is divided by s?
12
Suppose -f = 123 - 159. Suppose 0 = 2*v - 2*t - 2*t - 142, 0 = 5*v + 5*t - 355. What is the remainder when v is divided by f?
35
Suppose -3*g + 315 = -7*m + 3*m, -98 = -g - m. What is the remainder when 175 is divided by g?
74
Let u(s) = 88*s - 29. Let x be u(-7). Let c = x + 661. Calculate the remainder when c is divided by 12.
4
Suppose 5*p - b = 6531, -3002 - 923 = -3*p - b. What is the remainder when p is divided by 32?
27
Suppose 21*f - 368 = 5*f. Suppose -50 = -y + a, 4*y - 238 = a - f. What is the remainder when ((-438)/(-8))/(6/24) is divided by y?
54
Let v = 22 - -25. Suppose -4*x = j - 2*x + 20, 0 = j - 3*x + 20. Calculate the remainder when v is divided by 45/4 + (-15)/j - 0.
11
Let p = -12 - 154. Let l = p - -541. What is the remainder when l is divided by 27?
24
Let t be -3*(-6)/(-9) - (34 + 0). Let g = t + 50. Suppose 2*b = g + 80. Calculate the remainder when b is divided by 10.
7
Let x = 171 + -143. Suppose -5*n + x = 4*w, -52 = -5*w + 6*n - 8*n. What is the remainder when 70 is divided by w?
10
Let q be 3/(((-24)/46)/(-4) + 0). Let n = q - 21. What is the remainder when 5 is divided by n?
1
Suppose 2*w = 0, 4*g - 86*w = -82*w + 324. Calculate the remainder when 1/((-2)/(-1*476)) is divided by g.
76
Let d(m) = m**2 - 5*m - 53. Let f be d(18). Let r = f - 161. What is the remainder when 138 is divided by r?
18
Let w be 2/(100/(-35) + 0 + 3). Suppose w*z - 11*z - 102 = 0. What is the remainder when z is divided by 14?
6
Let g(y) be the third derivative of y**6/120 - y**5/10 - 41*y**4/24 + 5*y**3/2 + 31*y**2. What is the remainder when 8 is divided by g(10)?
3
Let n = 1272 - 1174. Calculate the remainder when 110 is divided by n.
12
Suppose -8294 = 4*k - u - 31676, 2*k = 5*u + 11664. Calculate the remainder when k is divided by 50.
47
Suppose 0 = -2253*s + 2300*s - 3431. Calculate the remainder when s is divided by 257/7 - (-2)/7.
36
Let u(k) = -k**2 + k + 9. Suppose -3*n = -8*n + 25. Suppose 4*x - 7*b - 140 = -n*b, -3*x - 3*b = -87. What is the remainder when x is divided by u(0)?
6
Suppose -7*y + 1162 = 76*y. Calculate the remainder when 167 is divided by y.
13
Suppose -684 + 676 = -4*s. Suppose -2*z = w - 138, 0*w + 2*w = -s*z + 140. Calculate the remainder when 216 is divided by z.
12
Calculate the remainder when (-10)/(-4)*(312 + -102) is divided by 508.
17
Suppose -3*h - h + 48 = 0. Suppose -h*i = -8*i + 24. Let y(z) = z**2 + 2*z - 6. What is the remainder when 53 is divided by y(i)?
17
Let y(u) = u**2 + 3*u + 3. Let d be y(-5). Suppose 16*b = d*b - 108. Calculate the remainder when 33 is divided by (2/6)/(3 + 104/b).
0
Suppose -n - 4*n = 70. Let r = n + 27. Suppose -52 = -2*t - 3*g, 69*t + g = 71*t - 44. What is the remainder when t is divided by r?
10
Suppose 0*t = -2*t + 133*t - 493084. What is the remainder when t is divided by 1251?
11
Suppose 2*z + 3*i = 29, -5*z - i + 60 - 20 = 0. Suppose 0 = -2*b - 0*b - 130. Let f = -46 - b. What is the remainder when f is divided by z?
5
Suppose 30 + 0 = h. Suppose -l + d + 330 = 156, -4*d = l - 154. What is the remainder when l is divided by h?
20
Let l(v) = -8*v**2 + 145*v + 487. Let h(i) = 6*i - 8. Let f be h(10). Let u = f + -26. What is the remainder when u is divided by l(21)?
2
Let s be (-1 + 0)*48/(-4). Suppose x - s = -w + 39, x + 4*w - 51 = 0. Suppose 63 = 5*t - 2. Calculate the remainder when x is divided by t.
12
Let d = 1101 - 374. Suppose -d = -3*x - 5*z, -6*x + x = -5*z - 1145. What is the remainder when x is divided by 59?
57
Let z(n) = 11*n**2 - 4*n + 6. Suppose 44 - 20 = 6*j. Let p = 40 - 26. Calculate the remainder when z(j) is divided by p.
12
Suppose 2*w = 146 - 38. Suppose 155*c = 156*c, -3*y + c + 606 = 0. Calculate the remainder when y is divided by w.
40
Let i(y) = 116*y**3 + 2*y**2 - 2*y + 1. Suppose 3 = -4*h + 7*h. Suppose 4*c - 5*x - 91 - 19 = 0, 4*x - 8 = 0. What is the remainder when i(h) is divided by c?
27
Let g be (96/80)/((-1)/(-230)). Let t = g - 255. What is the remainder when 185 is divided by t?
17
Let j be 2/3 + 16/(-24). Suppose -5*g - v = -j*g - 17, -v - 7 = -g. Suppose 3*d = g*d - 2, -4*z + 336 = 2*d. What is the remainder when z is divided by 17?
15
Let l be 0/((-9)/3 + 2). Suppose 17*u + 224 - 4389 = l. Calculate the remainder when u is divided by 50.
45
Suppose 0 = 2*m - 8*m + 36. Let n be m/(-39) + (-84)/(-39). Suppose 10 = -n*s + 48. What is the remainder when 73 is divided by s?
16
Suppose 98*k - 52913 = 330365. Calculate the remainder when k is divided by 22.
17
Let a = 17 + 17. Suppose -z = 5*y - 14, -71*z + 68*z - 2*y + 29 = 0. What is the remainder when a is divided by z?
7
Let s(t) = -4*t - 10. Let l be s(-6). Suppose -u = -20 - l. Let p = -724 + 789. Calculate the remainder when p is divided by u.
31
Let k(y) = 471*y + 4161. What is the remainder when 814 is divided by k(-8)?
28
Let i = 10531 + -10104. Calculate the remainder when i is divided by 141.
4
Let z = 1683 - 902. Let w = -749 + z. What is the remainder when 207 is divided by w?
15
Suppose -27*a - 54 = -29*a + 5*c, 5*a - 3*c = 173. Suppose -4*z + 416 = -5*f, 0 = -4*z - f + 227 + 213. What is the remainder when z is divided by a?
35
Let p(y) = -4*y + 12. Let q be p(5). Let i = -6 - q. Calculate the remainder when i is divided by 32/16*1/2.
0
Let j = 11276 + -11269. What is the remainder when 18 is divided by j?
4
Let y(h) be the second derivative of -h**3/2 + 42*h**2 + 32*h. Calculate the remainder when y(18) is divided by 8.
6
Suppose -18 = 6*q - q - 7173. What is the remainder when q is divided by 40?
31
Let t(s) = 6*s**3 + 2*s**2 - s + 3. Let w(f) = -f**3 + 121*f**2 + f - 108. What is the remainder when t(4) is divided by w(121)?
12
Suppose 62 + 10 = 18*s. Suppose -4*w = -0*w - 456. Suppose -5*z - s*q + 51 + w = 0, -4*z + 128 = 4*q. Calculate the remainder when 110 is divided by z.
36
Suppose -4*m + 8 = 0, -34 = a - 3*m + m. Let y = a + 64. Let q = -2712 - -2721. Calculate the remainder when y is divided by q.
7
Suppose 2663 = 108*r + 2123. Let a(l) = l**2 + l - 3. What is the remainder when a(4) is divided by r?
2
Let l(b) = -26*b - 1. Let x be (-2 - (-25)/10)*-2. What is the remainder when 273 is divided by l(x)?
23
Suppose i = -t + 697, -16*i - t = -14*i - 1391. What is the remainder when i is divided by 97?
15
What is the remainder when 24387 is divided by (1/(-4) - (-117)/(-108))*19110/(-140)?
181
Suppose -165*o + 2685 + 1770 = 0. What is the remainder when 6760/88 + (-4)/(-22) is divided by o?
23
Let y = 31 + -27. Suppose y*q - 3*q = 6. Calculate the remainder when 118 is divided by q.
4
Suppose c - 1612 = j, -3227 = -2*c + 12*j - 11*j. Suppose l - 20*l + c = 0. Calculate the remainder when l is divided by 14.
1
What is the remainder when 26586 is divided by (0 - -81) + (-13 - (20 - 20))?
66
Let g(r) = -3*r - 6. Let v be g(-5). Let n(i) = 2*i**2 - 14*i + 12. What is the remainder when n(v) is divided by 9 - (-5 - ((-4)/1)/1)?
8
Calculate the remainder when ((-45)/30)/((-14)/1596) is divided by 38.
19
Let o be 2 + 6/(-4) - (-195)/(-30). Calculate the remainder when 41/5 + (-1)/5 is divided by o/(-9)*(-18)/(-4).
2
Let l(k) = 3*k**2 + 95*k - 1308. What is the remainder when l(12) is divided by 120?
24
Suppose 53*s - 57*s = 4*x - 52, -5*s = -4*x + 61. Calculate the remainder when 42 is divided by x.
0
Calculate the remainder when 84 is divided by (19/114 - 443/(-6)) + -5.
15
Let m(i) = -3*i**2 - 95*i - 100. What is the remainder when m(-27) is divided by 33?
14
Suppose f = -5*b + 10*b - 800, b - 3*f - 174 = 0. What is the remainder when 180 is divided by b?
21
Let a = -10922 + 10936. Calculate the remainder when 137 is divided by a.
11
Let m(